 when m(0) is divided by 11.
10
Let x(j) = 17*j**2 - 3*j - 10. Let u be x(3). Suppose 0 = -5*z - 10, u = 2*h + 6*z - 3*z. What is the remainder when h is divided by 18?
16
What is the remainder when 2/(-2)*1845/(-45) is divided by 20?
1
Suppose -n + 6*n = 20. Suppose 3*y + 4*p = 53, 13 + 18 = y + n*p. Calculate the remainder when y is divided by 6.
5
Let h = 4 + -1. Suppose 3*w - 2*q = 134, 3*q = -3*w - w + 156. Calculate the remainder when w is divided by (2 - (-10 - h))/1.
12
Let h = 126 + -116. What is the remainder when 1527 is divided by h?
7
Let s = 32 + -24. Let k = s - 0. Calculate the remainder when 15 is divided by k.
7
Suppose 4*h = -t + 32, -4*t + 145 = 18*h - 19*h. Suppose 2*b + 5*w = 51, -5*b - 4*w + 90 = w. What is the remainder when t is divided by b?
10
Let b(n) = 5 + n - 14 - 4 + 2. Let d(v) = 5*v**2 + 4*v + 2. Let r be d(-2). What is the remainder when b(r) is divided by 2?
1
Suppose -r - 3*r = -184. Let v = 55 - r. Let i(c) = 2*c - 2. What is the remainder when v is divided by i(4)?
3
Suppose n - i = 0, -n + 10 = 2*i - i. Suppose -63 = -8*k + n*k. What is the remainder when 101 is divided by k?
17
Suppose 18*w = 12*w + 102. What is the remainder when 65 is divided by w?
14
Let h be 3*(4 - 24/9). Suppose 3*l = 5*y - 19 - 69, -2*y = h*l - 30. Let j = 27 + -21. Calculate the remainder when y is divided by j.
5
What is the remainder when 166 is divided by 4*((-7 - -5) + 5)?
10
Suppose -2*j - 2*i = 2*i - 62, j = i + 25. Let z be j/18 - 6/4. Suppose z = -x + 2*l + 97 - 2, l = 3. Calculate the remainder when x is divided by 26.
23
Suppose 0 = -3*x, -4*r + x + 19 + 9 = 0. Suppose -r*h = -9*h + 40. Suppose -3*l + 5*c = -148, 2*l = -c + 26 + 90. What is the remainder when l is divided by h?
16
Suppose -9*x - 6*x + 1080 = 0. What is the remainder when x is divided by 20?
12
Suppose 4*h - 36 = -2*l, 4*h = 3 - 11. Let t(c) = 6*c - 10. Let i(n) = n**3 - n**2 + 2*n + 3. Let x be i(0). What is the remainder when l is divided by t(x)?
6
Let p(x) = 16*x**2 - 33*x - 32. What is the remainder when 193 is divided by p(-1)?
6
Let a = 1311 + -755. Calculate the remainder when a is divided by 17.
12
Suppose -11*u - 507 = -2454. Suppose u = -3*m + 6*m. What is the remainder when m is divided by 12?
11
Let f(w) = -2*w + 1. Let b(i) = -10*i + 7. Calculate the remainder when b(-3) is divided by f(-6).
11
Let w = 324 + -313. What is the remainder when 96 is divided by w?
8
Let m(j) = -j**3 + 3*j**2 + 7*j - 5. What is the remainder when 307 is divided by m(4)?
6
Let s(h) = 2*h**3 - 9*h**2 + 4*h - 1. Let k be s(5). Let g = 155 - k. Calculate the remainder when g is divided by 19.
16
Let h be 30/7 + 1/((-28)/8). Suppose 0 = 4*u + 8, -3*r + 42 + 29 = -h*u. Calculate the remainder when 80 is divided by r.
17
Suppose f - 13 = -4. Suppose 4*z = k - 23, 5*k - f*z = -4*z + 145. Suppose -g - 3*g = -4, 2*s + 3*g = k. What is the remainder when 39 is divided by s?
11
Let o = 70 - -127. What is the remainder when o is divided by 11?
10
Let k be ((-90)/75)/(6/(-20)). Suppose -k*v + 9*v = -z - 1, 0 = 3*z + 5*v - 7. Calculate the remainder when 13 is divided by z.
1
Calculate the remainder when 317 is divided by 59/1 - (-19 + 14).
61
Suppose -2*j + 20 = -2. Suppose -5*d + 15 + 0 = 0. Calculate the remainder when j is divided by d.
2
Suppose 2 + 24 = 2*i. Let k be (-63)/(-42) + 42/(-4). Let v = 33 + k. Calculate the remainder when v is divided by i.
11
Suppose 73 = -5*h + 243. Calculate the remainder when 159 is divided by h.
23
Let a(r) = 18*r**2 - 1. Let z be a(-2). Let f = z - -26. Suppose 0 = 6*v - v - 125. Calculate the remainder when f is divided by v.
22
Let z = 71 - 68. Suppose -w - 5*i + 61 = 0, z*w + 4*i - 110 = w. Calculate the remainder when 101 is divided by w.
50
What is the remainder when (-198 + 120)*(-3)/(18/128) is divided by 49?
47
Suppose 6*h - 3595 + 2881 = 0. What is the remainder when 125 is divided by h?
6
Suppose 0 = -0*f + 4*f - 5*p, 2*f = 5*p. Suppose -28*h + 26*h + 6 = 0. Suppose f*o - h*o + 258 = 0. Calculate the remainder when o is divided by 22.
20
Calculate the remainder when 647 is divided by (-6)/18 + 326/6.
53
Let i(l) = -l**2 - 17*l - 35. What is the remainder when 66 is divided by i(-8)?
29
Suppose 129 = 5*x - 2*r + 41, -57 = -3*x - 3*r. Suppose 0 = -4*n + 27 + 21. What is the remainder when x is divided by n?
6
Let l(p) = -p**3 + 18*p**2 - 13*p - 11. What is the remainder when 161 is divided by l(17)?
47
Let w(b) = 81*b - 355. Calculate the remainder when 784 is divided by w(6).
129
Calculate the remainder when 853 is divided by (-366)/(-15)*15/6.
60
Suppose 32 = 6*z - 82. Calculate the remainder when 130 is divided by z.
16
Let w(t) = -7*t - 4. Let r be w(2). Let k = r + 46. What is the remainder when 273/5 + (-8)/(-20) is divided by k?
27
Suppose -l + 5*r - 4 = 0, -2*r = l - r - 2. Let h be (2 + -3)*(-3)/l. Calculate the remainder when 38 is divided by 1*-2*(h - 8).
8
Let i(k) = k**2 - 17*k + 18. Let q be i(16). Suppose -6*n = -q*n - 376. Let b = n + -36. Calculate the remainder when b is divided by 20.
18
Let y(d) = 32*d - 15*d + 2*d**2 - 20 - 13*d + 0*d**2. Calculate the remainder when 145 is divided by y(-7).
45
Let o(r) = 10 - 8*r**2 - 4*r + 8*r**2 - r**2 + r. What is the remainder when 16 is divided by o(0)?
6
Let t = 259 - 184. Let h = t + -44. Calculate the remainder when h is divided by 12.
7
Let g = -172 + 203. What is the remainder when g is divided by 8?
7
Let d(y) = -22*y**3 + 2*y + 7. Let f(j) = -45*j**3 + 3*j + 15. Let n(g) = 5*d(g) - 2*f(g). What is the remainder when n(-2) is divided by 53?
51
Suppose c - 4*c + 108 = 0. Let i(n) = 2*n**2 - 6*n - 1. What is the remainder when c is divided by i(5)?
17
Let g = 1200 - 1190. Suppose s = 17 + 20. Calculate the remainder when s is divided by g.
7
Let f(a) = -12*a - 6. Let h be f(-2). Suppose h*x - 17*x = 68. What is the remainder when x is divided by 18?
14
Suppose 3*q = 0, -f + 5 = -2*q - 0*q. What is the remainder when 49 is divided by (14/f - 8)*(-1 - 4)?
23
Let a(z) = -z**2 - 12*z - 6. Let j be a(-11). Let o(q) = 10*q + 16. Let c(y) = -y + 9. What is the remainder when o(j) is divided by c(-8)?
15
Let g(d) be the second derivative of d**4/12 - d**3/2 - 17*d**2/2 + 17*d. What is the remainder when 31 is divided by g(7)?
9
Suppose -f = -r - 13, -5*r - 16 = -2*f + 43. Let p = 15 + r. Suppose 5*x - p*t - 35 = -0*t, 0 = -3*x - 2*t - 1. What is the remainder when x is divided by 3?
0
Let p(j) = -j**2 - 16*j + 130. What is the remainder when p(-18) is divided by 8?
6
Let b = 179 - 42. Suppose -f = c - 34, 0*c = 5*f + 4*c - 171. What is the remainder when b is divided by f?
32
Let p(r) = -12*r**3 + r**2 - 2*r - 2. Let k be p(-1). Suppose 256 = k*f - 5*f. Suppose 172 = 4*c - f. What is the remainder when c is divided by 18?
15
Let q(b) = 3*b**3 + 5*b - 5. Suppose 798 = 6*a + a. Calculate the remainder when a is divided by q(2).
27
Let b(a) = -a**3 - 5*a**2 - 11*a - 42. Calculate the remainder when b(-6) is divided by 18.
6
Suppose 0 = -z + 3*z + 66. Let c = z + 45. What is the remainder when 33 is divided by c?
9
Suppose -3*k = t + 1, 3*k - t + 31 = 4*t. What is the remainder when (2 - 0) + k + 1 + 3 is divided by 2?
0
Let k(o) = 11*o**2 + 22*o + 43. What is the remainder when 427 is divided by k(-4)?
34
Suppose 5*y + 44 - 529 = 0. Let l = y - 78. Calculate the remainder when 49 is divided by l.
11
Let o = 3265 + -3226. What is the remainder when 207 is divided by o?
12
Let p(b) = -b**3 - b**2 + 5. Let w(n) = -94*n - 2. Let t be w(-2). Let r = -119 + t. Calculate the remainder when r is divided by p(-3).
21
Let m(l) = l**3 - 3*l**2 - l + 1087. Calculate the remainder when m(0) is divided by 99.
97
Let z(d) = 11 - d**3 + 0*d - 2*d**2 - d + 12*d**2. Let s be z(10). What is the remainder when 35 is divided by (-1 - -2)*9*s?
8
Suppose 0 = -4*j + 3*p + 651, 0 = j - 0*j - p - 163. Suppose 5*g + 687 = 4*q, g - 377 = -3*q + j. Calculate the remainder when q is divided by 15.
13
Let z = 65 - 35. Suppose -2*y + 14 = 4*g, -y - 3 = g - 4*g. Suppose 57 = g*r + 5*b, -8*r + 84 = -4*r + 4*b. Calculate the remainder when z is divided by r.
14
Let r = -85 + 237. Suppose 3*w - 74 = b + 14, 3*b + r = 5*w. Calculate the remainder when 139 is divided by w.
27
Let x(i) = -i**3 - 11*i**2 - i + 